 = 4374. What is the hundreds digit of l?
2
Let u = 87 - 607. Let g = 526 - u. What is the hundreds digit of g?
0
Suppose 19*n + 32*n - 632385 - 417450 = 0. What is the tens digit of n?
8
Let n(g) = 51*g - 721. Let b(y) = -52*y + 722. Let q(r) = 5*b(r) + 4*n(r). What is the tens digit of q(0)?
2
Suppose 51 = -3*o + 3*u - 81, 0 = 2*u - 10. Let h = 42 + o. What is the hundreds digit of (-924)/(-9) - (-1)/h?
1
Let g(i) = -i**2 - 27*i - 26. Suppose 37*k = -346 - 579. What is the tens digit of g(k)?
2
Let l(n) = -13*n**3 + 8*n**2 - 11*n - 39. Let h(d) = -7*d**3 + 4*d**2 - 6*d - 20. Let r(u) = 11*h(u) - 6*l(u). What is the tens digit of r(8)?
7
Let c(r) = 4*r**2 + 10*r - 9. Let v = -82 + 83. Let b be c(v). Suppose 0 = h - 5*t - 238 + 15, t = b*h - 1043. What is the tens digit of h?
0
Let y(w) = 2*w**2 - 3*w + 3. Let s be y(2). Let i(p) = -p**2 + 18*p - 78. Let u be i(10). Suppose s*x - 330 = u*x. What is the units digit of x?
0
Let m be 22 + -25 + (1626 - -1). Suppose 5*l = 3*k + m, 0*l + 2168 = -4*k + 4*l. What is the tens digit of k/(-2) - (-3)/(-6)?
7
Suppose -2*q - 40 = -q. Let z = q - -42. What is the units digit of (2159/(-34))/(z/(-4))?
7
Suppose 23*d + 550293 = 82*d. What is the units digit of d?
7
Suppose -3*g + 50370 = 3*c, 5*g = c - 9477 - 7289. What is the hundreds digit of c?
7
Suppose -709410 = 12657*s - 12667*s. What is the units digit of s?
1
Let g = -228 + 141. Let z = -19 - g. Suppose 0*x = -2*x + z. What is the units digit of x?
4
Let q(d) = d**2 + 5*d - 4. Let g be q(-6). Suppose g*v - y = 4, v = 2*v - y. Suppose 4*r + 0*w = 3*w + 575, -v*w + 425 = 3*r. What is the units digit of r?
3
Let a(y) be the second derivative of 5*y**3/6 + 6*y**2 + 7*y. Let i be a(-12). What is the units digit of (10/4)/((-4)/i)?
0
Let q = 16 + -13. Suppose 5*k - 3709 + 1169 = -2*g, 0 = 3*g - 15. Suppose -4*h + q*l = l - k, -265 = -2*h - 3*l. What is the units digit of h?
8
Let q = -25 - -28. What is the hundreds digit of q*(-1 - (-69 + -2))?
2
Suppose 10*r - 3 = 27. Suppose 4*o + 1065 = 8*o + z, 0 = 5*o + r*z - 1326. What is the tens digit of o?
6
Suppose -6 + 7 = -m. Let z(x) = -6*x. Let p be z(m). Suppose -p*r - 12 = -198. What is the units digit of r?
1
Suppose 0 = 2*s - 598 + 142. Let u = s + -88. What is the hundreds digit of u?
1
What is the units digit of 2193034/126 + (-556)/17514?
5
Suppose -2*m + 32 = 5*l - 9, 0 = 3*m + l - 94. Suppose 0 = m*p - 37*p + 228. What is the tens digit of p?
5
Suppose 7*d - 27*d = -585200. Suppose -96*i + 74*i + d = 0. What is the thousands digit of i?
1
Let x(r) = 4*r**3 + 13*r**2 + 21*r - 13. What is the thousands digit of x(10)?
5
Suppose 21*f = 2*f - 2451. Let o = 272 - f. What is the units digit of o?
1
Suppose -3*n - n = 2*z - 556, -3*n + 4*z = -428. Suppose -2*o = -16*o + n. Let h = o - -79. What is the units digit of h?
9
What is the thousands digit of (21/189)/(3/188919)?
6
Suppose 4*b + 5*i - 34935 = 0, b + i + 2354 = 11089. What is the tens digit of b?
4
Let x(s) = 7*s + 37. Let v be x(-5). Suppose g - 3*y + 2161 = 5*g, 5*y - 1063 = -v*g. What is the tens digit of g?
4
Let j be 40/48 + (-7)/(-6). Suppose 1350 = 3*t + j*s, -4*t - 2*s - 2266 = -9*t. What is the units digit of t?
2
Let c = -111679 - -174412. What is the hundreds digit of c?
7
Suppose -7*p - 591 - 53 = 0. Let g = 94 + p. Suppose -308 = -5*c + c - g*s, -231 = -3*c + 3*s. What is the tens digit of c?
7
Suppose 3*t + t - 36 = 0. Let n be (-15)/(-25) - 42/70. Suppose t*u - 5*u - 344 = n. What is the units digit of u?
6
Suppose -1 = -5*n + 34. What is the units digit of (n + 6050/(-40))/((-2)/8)?
7
Let o(l) = -9*l**3 - 75*l**2 + 22*l**2 + 47*l + 32 - 12*l + 15*l**3 - 8*l**3. What is the hundreds digit of o(-28)?
4
Let z(t) = -30*t**2 - 25*t - 54. Let m be z(-3). Let b = 25 - m. What is the units digit of b?
4
Suppose -4*u + 20470 = -8*u + 6*u. What is the hundreds digit of u?
2
Let z(x) be the third derivative of 5/3*x**3 - 2/3*x**4 + 0*x + 0 - 1/120*x**6 + 1/6*x**5 + 13*x**2. What is the units digit of z(7)?
5
Let b = -142 - -138. What is the units digit of 2/(b/(-1017)) - (-6)/(-4)?
7
Let a be (16/32)/((-2)/24). Let n be ((-13)/(-39) + 8/a)*-17. Let r = n - -181. What is the hundreds digit of r?
1
Suppose -4*q + 5*i - 2*i = -1391, 2*i + 10 = 0. Suppose -k = -m - q, -3*k - 3*m + 788 + 238 = 0. What is the tens digit of k?
4
Let i = -3139 + 5815. What is the hundreds digit of (i/18)/((-2)/(-6))?
4
Suppose -q - 2*v + 113 = -253, -2*q + 3*v + 711 = 0. What is the tens digit of (q/50 + -6)/(2/55)?
3
Let r(j) = -33*j**3 - 9*j**2 - 23*j - 27. What is the thousands digit of r(-7)?
1
Let j be (36/(-16))/9 - (-6770)/8. Suppose 14*c = 20*c - j. What is the units digit of c?
1
Let t(y) = 69*y**2 - 329*y + 57. What is the units digit of t(17)?
5
Suppose 4*h = 2*p + 43742, -3*p - 54679 = -496*h + 491*h. What is the tens digit of h?
3
Let j(r) = r + 1. Let d be j(-7). Let n be (-2)/d + 110/30. Suppose -3*l + 137 = 2*z, -2*l + 4*z = -n*l + 86. What is the tens digit of l?
4
Let s = 22538 - -11591. What is the tens digit of s?
2
Suppose 2 = -5*l + 27. Suppose 0*b = -5*p + 2*b + 69, 3*b + 66 = l*p. Suppose 4*g = -3*m + 65, 4*g - p = g. What is the tens digit of m?
1
Suppose -31 = 23*z - 192. What is the hundreds digit of z/(21/664) + 2/(-6)?
2
Let g(f) = 20*f**2 + 35*f + 131. What is the tens digit of g(-42)?
4
Suppose 0 = -5*b + 4*j + 234 - 837, -4*b = -4*j + 484. What is the hundreds digit of (-18882)/(-14) + (-34)/b?
3
Let s(c) = 2*c**3 - 2*c**2 - 2*c. Let v(u) = 3*u**2 - 4*u + 5. Let d be v(1). Suppose d*x - 6 = -4*a + 2, -4*x = 0. What is the units digit of s(a)?
4
Suppose -21 = d + f - 73, -5*d = -2*f - 225. What is the units digit of (d - 6)/((-2)/(-12))?
6
Suppose 520*j - 517*j - 52080 = -4*m, -2*m + 26040 = 5*j. What is the thousands digit of m?
3
Let o(q) = -q**3 - 5*q**2 + 13*q - 2. Let r be o(-7). Suppose j + l - r*l = 205, 2*j + 3*l - 377 = 0. What is the hundreds digit of j?
1
Let w = -105 - -107. Suppose -k = k - 96. Suppose -2*l = -4*s + w*s - 18, 5*l = 4*s + k. What is the units digit of l?
2
Let v(a) = 387*a - 345. Let k be v(8). Let d = k + -1773. What is the units digit of d?
8
What is the ten thousands digit of (78624/(-35) + 20)/(3/(-45)*2)?
1
Let g = 704 + -703. What is the units digit of ((-555)/g)/(20/5 + -5)?
5
Let x be (-1)/2 + 60749/26. Suppose 0 = 3*j - 15, -3*j = 4*l + j - x. What is the tens digit of l?
7
Suppose -9*r - 442542 = -55*r + 6142. What is the units digit of r?
4
Suppose 85750 = 43*l - 380539 + 7909. What is the hundreds digit of l?
6
Let i be ((-28)/(-35))/(-3*(-2)/15). Let t be (32/14 - i) + (-32)/14. What is the tens digit of ((-522)/(-27))/(t/(-6))?
5
Suppose -19*m - 300 = -4*m. Let x = 207 - m. What is the units digit of x?
7
Let x = -29 - -31. Suppose -x*i + 15 = 5*g, g = 3*i + 6 - 3. Suppose -72 = -2*s - i*s. What is the units digit of s?
6
Let a(f) = -f**3 + f**2 + 3*f + 1. Let w be a(2). Suppose -216 = -w*u + u. What is the units digit of u?
8
Suppose -16*b + 36 = -19*b. Let d be ((-88)/b + -7)/(1/6). Suppose -d*f + 3*o = -o - 186, 2*f = 2*o + 190. What is the tens digit of f?
9
Suppose 4*z = 3210 + 1010. Let k = z - 671. What is the hundreds digit of k?
3
Suppose 568*w - 562*w = 2010. Let s = w - -1265. What is the thousands digit of s?
1
What is the tens digit of 590103/135 - (-6)/(-45)?
7
Let m(k) = k**3 - 13*k**2 - 7*k + 13. Suppose -7*r + 4*r = -42. Let g be m(r). Let u = -59 + g. What is the units digit of u?
2
Let o be 4 + (116/10)/((-1)/(-35)). Let n be (0 - -1)/((-17)/4607). Let g = n + o. What is the hundreds digit of g?
1
Let h = -58 + 64. Let d be 51/h*6/3. Suppose d*c - 129 = 14*c. What is the units digit of c?
3
Let y(b) = 475*b**2 - 154*b - 8. What is the units digit of y(5)?
7
Let m be (-2 - (-7 - -6)) + 492. Let n = 1252 - m. What is the units digit of n?
1
Suppose 41 = 2*x - 5*g, -2*x + 51 = -0*x + 5*g. Suppose 39*q = x*q + 22096. What is the units digit of q?
1
Let g = 820 - -9303. What is the units digit of g?
3
Suppose -2*y + 5*b - 160 = -0*y, y - 4*b = -86. Let h = y - -72. Suppose -h*d + 140 = -5*s, 3*s - 115 - 53 = -3*d. What is the tens digit of d?
6
What is the hundreds digit of (290/29)/(5/3098)?
1
Suppose 3*b + 166 = 4*t, -t - 4*t + 3*b + 209 = 0. Suppose 37*k - 4*s = 36*k - 18, -